(-13)/(((-2)/1)/2). Suppose -5*h + 1404 = 7*h. Calculate the greatest common divisor of h and v.
13
Suppose -129 = -3*z + 5*s - 12, 0 = s - 3. Suppose 2*u - a = 140 - 3, 2*u + 3*a = 117. What is the greatest common factor of z and u?
22
Let u be (-18 - -8)/((-1)/2) - 3. Calculate the greatest common divisor of 17 and u.
17
Let w(f) = 2*f + 6. Let p be w(4). What is the greatest common factor of 7 and p?
7
Let m = -11 - -95. Calculate the highest common divisor of 12 and m.
12
Let a be 14 - (-6 + 3) - 1. Suppose 3*p = z - 2*p + 20, 4*p = 2*z + 16. Suppose 0 = -3*d - z*d + 48. Calculate the greatest common divisor of a and d.
16
Let j(g) = -13*g - 1. Let c be j(-3). Suppose -2 = -3*r - c. Let s = r - -17. What is the greatest common factor of s and 1?
1
Let p(f) = -f**2 + 7*f + 2. Let t be p(6). What is the greatest common factor of 40 and t?
8
Let y be (1 - -2)*(-140)/(-3). Suppose -5*d = 3*c - y, 0 = -c + 5*d + 60 + 20. Calculate the highest common divisor of 5 and c.
5
Suppose 4 + 3 = g. Let w = 16 - g. Calculate the greatest common factor of 6 and w.
3
Let o(u) = u**3 - 5*u**2 + 12*u - 16. Let j be o(4). What is the highest common factor of 56 and j?
8
Let r = 23 + -15. What is the greatest common divisor of 2 and r?
2
Suppose 0 = 4*j + 91 - 315. Let l(f) = 3*f**2 - 3*f - 6. Let x be l(6). What is the greatest common factor of j and x?
28
Suppose -9 = 3*u + 3. Let p = u - -8. Suppose -p - 14 = -2*n. Calculate the greatest common factor of 81 and n.
9
Let m(z) = 8*z - 19. Let d be m(8). Calculate the greatest common factor of d and 15.
15
Let i(u) = u**3 + u**2 + 2. Let x be i(0). Let z(r) = -r**3 + 3*r**2 + 1. Let c be z(x). Calculate the greatest common divisor of 5 and c.
5
Suppose -42 = -4*o - 2*c, 4*o - 3*o - 24 = -5*c. What is the greatest common divisor of 9 and o?
9
Suppose 0 = 2*w + 2*w - 120. Let z(f) = -f + 15. Let h be z(9). Calculate the highest common divisor of h and w.
6
Let b = -12 + 10. Let d be (9/3 - 23)/b. Let i = -2 + 6. What is the greatest common divisor of i and d?
2
Suppose -462 = -16*v + 338. Calculate the greatest common divisor of v and 400.
50
Let i(z) = 2*z**2 + 2*z**2 - 3*z**2 - 3 + 9*z + 7. Let t be i(-10). Calculate the greatest common factor of 98 and t.
14
Suppose -3*a - 2 = -2*q + 27, 0 = -4*a - 12. What is the highest common factor of 40 and q?
10
Let h(l) = 2*l + 5*l - 6 - l**2 + 0*l**2 + 2*l**2. Let w be h(-10). What is the greatest common divisor of 216 and w?
24
Let a = -44 - -24. Let q be (0 - a)*16/20. What is the highest common factor of 24 and q?
8
Let m(v) = v**3 - 10*v**2 + 2*v - 13. Suppose -19 + 59 = 4*s. Let y be m(s). Calculate the highest common divisor of 7 and y.
7
Let p be (-2 - -1)*-1 - -1. Let q(j) = j**3 - j + 16. Let a(v) = v**2 - 8*v + 7. Let i be a(7). Let y be q(i). What is the highest common factor of y and p?
2
Suppose 5*u = -0*u + 180. What is the highest common factor of 24 and u?
12
Suppose 262 = 5*q + 67. Suppose -d + 4*d - 3 = 0. Let c be d*26 - 0/(-2). What is the greatest common divisor of c and q?
13
Let u be (9/(-6))/3*-14. Let w = -3 + u. Let p be (1 + 6/(-2))*-6. Calculate the highest common divisor of p and w.
4
Let z(w) = -8*w. Let b(o) = o - 17. Let c be b(12). Let d be z(c). Calculate the highest common factor of d and 5.
5
Let n = 165 - 125. What is the highest common divisor of n and 320?
40
Let p(g) = 4*g - 4. Let a be p(4). Calculate the highest common factor of 48 and a.
12
Suppose -20 = -2*x - 3*x + 4*z, 0 = 2*x - 4*z - 8. Suppose x*p + j - 82 = -j, 3*p - 3*j = 57. What is the greatest common factor of 4 and p?
4
Let p be (-5 - -3 - -1)/1. Let c be (-76)/(-5) - p/(-5). Suppose -4*x = x + 5*s - 15, -x - 2*s = 0. What is the highest common divisor of x and c?
3
Suppose k - 4*k + 99 = 0. Suppose -4*r = 3*p - k, 26 = 4*r - p - 27. What is the greatest common divisor of r and 108?
12
Let t = 6 + -3. Let b = 31 - 5. Suppose 1 = t*g - b. Calculate the highest common factor of 45 and g.
9
Let w = -5 - -10. Let m be w/(2 + (-21)/18). What is the greatest common factor of m and 66?
6
Let v = 226 + -107. Suppose -169 - v = -4*w. Calculate the greatest common divisor of 9 and w.
9
Let d = -19 - -21. Calculate the highest common divisor of d and 2.
2
Let x = 21 + -16. What is the greatest common divisor of x and 30?
5
Suppose h = i + 4, -14 = 5*i + 4*h + 51. Let w be 15*(-3)/i - -4. What is the greatest common divisor of w and 18?
9
Let y(k) = -k**3 + 13*k**2 - 13*k + 18. Let w be y(12). Suppose 3*o + w = 0, 3*o + o - 184 = -3*t. Calculate the greatest common divisor of 16 and t.
16
Suppose -3*u + 5*z + 20 + 4 = 0, 0 = -3*u - 2*z + 3. Let n = 2 + u. What is the greatest common factor of n and 2?
1
Let t be (-79)/(-4) - 7/(-28). Let l = -26 - -34. What is the highest common factor of l and t?
4
Suppose -2*q + 3*q = 4*u - 76, -5*u - q + 86 = 0. Let z = -95 - -104. Calculate the greatest common divisor of u and z.
9
Let l = 0 + -1. Let m be (l*1)/(14/(-126)). What is the highest common divisor of m and 81?
9
Let t = -10 - -25. Let p be (-1)/(-3) + 445/15. What is the highest common divisor of t and p?
15
Suppose 30 = -p + 2*p. Suppose -19 = -3*n + 4*n. Let f = -7 - n. What is the highest common divisor of f and p?
6
Let r(y) = -y + 4. Let m be r(4). Suppose m = -l + 4, 2*l = 3*v + 6*l - 52. What is the greatest common factor of v and 12?
12
Let z(g) = -9*g. Let k = 3 - 4. Let o be z(k). Suppose -o = -2*t - 1. What is the highest common factor of 32 and t?
4
Let b = 74 - 38. What is the highest common divisor of 24 and b?
12
Let c = -103 + 144. Calculate the greatest common factor of 328 and c.
41
Let s(d) = -2*d - 4. Let j be s(-7). Suppose r - j - 35 = 0. Suppose 5*i = -5*x + 90, -3*i - 36 = -2*x + 2*i. Calculate the greatest common factor of x and r.
9
Let v be (276/60)/(14/(-5) - -3). Suppose -2*r + 3*r - 23 = 0. Calculate the greatest common factor of r and v.
23
Let z(r) = -25*r**3 - r**2 - r - 1. Let m be z(-1). Suppose -18 - 126 = -4*k. Calculate the highest common factor of k and m.
12
Suppose d = -2*m + 46, 83 = 3*m + 7*d - 2*d. Suppose -2*p + m + 3 = 0. Calculate the highest common factor of p and 60.
12
Let u be (-7)/(-2) + 1/(-2). Suppose 0*o - 4*o = -36. What is the greatest common divisor of u and o?
3
Let d = 103 - 90. Calculate the greatest common factor of 13 and d.
13
Let l be 1*(-3)/(2 - -1). Let u = l + 3. Let d be (-8)/(u/4*-2). What is the greatest common factor of 4 and d?
4
Let g be (-78)/(-4)*20/30. Let f = g + 2. Calculate the highest common divisor of f and 135.
15
Suppose j - 21 = m - 4*m, -m + 7 = 2*j. Let y = -3 + m. What is the greatest common factor of 12 and y?
4
Suppose -4*t + 13 = 5*b - 49, b = 2*t + 4. Let y be 4/(-6)*15/(-1). What is the highest common divisor of b and y?
10
Let r(l) = -l**3 + 4*l**2 - 5*l + 6. Let s be r(-5). Calculate the greatest common factor of 16 and s.
16
Let j(s) = s**3 + 5*s**2 - 3*s - 7. Let k be j(-5). Let z be 26 + 2/1*-1. What is the greatest common factor of k and z?
8
Let r = 4 - 6. Let m be 1/((-39)/18 - r). Let g(o) = -o + 4. Let l be g(m). Calculate the highest common factor of l and 4.
2
Let a = 11 - 7. What is the highest common divisor of 2 and a?
2
Let t(d) = 46*d - 26. Let v be t(3). What is the greatest common factor of 16 and v?
16
Let k = -5 - -11. Suppose 96 = 4*a - 2*a. What is the greatest common divisor of k and a?
6
Let q(p) = -p**3 + 25*p**2 - 21*p - 32. Let v be q(24). Let j = 13 - 3. Calculate the greatest common divisor of v and j.
10
Let c be (-9)/(-15) + 21/15. Suppose -c*n + 8 = 2. Suppose -b - 38 = -n*w, 4 = w + 3*b - 12. Calculate the greatest common factor of w and 52.
13
Suppose 0 = -p + 2*b + 2, 5*p - 7 - 3 = -3*b. Let q(w) = w**2 + 2. Let f be q(0). What is the highest common divisor of p and f?
2
Let l be 12 - (2 - -10)/3. Calculate the greatest common divisor of 2 and l.
2
Suppose -2*c - 59 = -167. Suppose 5*w + p = 182, 3*w + 0*p - 114 = -3*p. What is the greatest common factor of w and c?
18
Suppose 5*d = -2*r + 25, -41 = -4*d - 3*r - 14. Suppose l = -d*l + 148. Let g = 65 - l. What is the highest common divisor of g and 42?
14
Let u(b) = b**2 + 14*b + 12. Let y be u(-14). What is the greatest common divisor of y and 12?
12
Suppose -m - 5*x - 41 = -3*m, 19 = 3*m + x. W